{"id":6031,"date":"2020-05-08T14:04:56","date_gmt":"2020-05-08T12:04:56","guid":{"rendered":"https:\/\/innptunettrstg.wpenginepowered.com\/inn-pa-tunet-forside\/"},"modified":"2025-12-12T08:54:57","modified_gmt":"2025-12-12T07:54:57","slug":"inn-pa-tunet-forside","status":"publish","type":"page","link":"https:\/\/iptt.no\/innland\/","title":{"rendered":"Inn p\u00e5 tunet &#8211; Forside"},"content":{"rendered":"\n<h1 class='gsap-heading'>P\u00e5 v\u00e5re g\u00e5rdstun dyrkes <br \/>motivasjon og mestring, Kreativitet og omsorg, trivsel og fellesskap<\/h1>\n\t<p>Vi er Tr\u00f8ndelags st\u00f8rste tilbyder av Inn p\u00e5 tunet tjenester &#8211; n\u00e5 ogs\u00e5 med avdeling p\u00e5 Innlandet.<\/p>\n<p>V\u00e5re tjenester er knyttet opp mot ABC- for god psykisk helse og blir spesialtilpasset den enkelte. P\u00e5 v\u00e5re g\u00e5rdstun f\u00e5r du en trygg arena for l\u00e6ring, mestring og vekst.<\/p>\n<p>P\u00e5 lag med oss gj\u00f8r vi dagen bedre sammen.<\/p>\n\t\t\t<a href=\"https:\/\/iptt.no\/garder\/\" target=\"_self\">\n\t\t\t\t\t\t\tSe v\u00e5re g\u00e5rder\n\t\t\t<\/a>\n\t\t\t<a href=\"https:\/\/iptt.no\/innland\/tjenester\/\" target=\"_self\">\n\t\t\t\t\t\t\tSe v\u00e5re tilbud\n\t\t\t<\/a>\n\t<h2>N\u00e6rhet til dyrene<\/h2><p>M\u00f8t alle v\u00e6re flotte sm\u00e5 og store dyr og bli kjent med dem.<\/p>\n\t<h2>En trygg arena<\/h2><p>V\u00e5re g\u00e5rder er et trygt sted for l\u00e6ring, omsorg, aktivitet og mestring.<\/p>\n\t<h2>Lokal verdiskaping<\/h2><p>Vi er st\u00f8rst i Tr\u00f8ndelag, du finner oss i eller n\u00e6r din hjemkommune.<\/p>\n\t\t\t\t<img decoding=\"async\" src=\"https:\/\/iptt.no\/wp-content\/uploads\/2024\/04\/nordsolem_eli_olise_geiter.jpg\" alt=\"Eli, Olise, geiter\" itemprop=\"image\" height=\"720\" width=\"1080\" title=\"NordSolem_Eli_Olise_Geiter\" onerror=\"this.style.display='none'\" loading=\"lazy\" \/>\n<h2>\n\t\t\tOm Inn p\u00e5 tunet Innlandet\t<\/h2>\n\t<p>Inn p\u00e5 tunet Tr\u00f8ndelag SA er et samvirke eid av godkjente Inn p\u00e5 tunet-g\u00e5rder i Tr\u00f8ndelag. G\u00e5rdene tilbyr tilrettelagte og kvalitets sikrede aktivitetstilbud til mennesker i alle aldre.<\/p>\n<p>Gjennom <a href=\"https:\/\/iptt.no\/abc\/\">ABC modellen<\/a> for god psykisk helse gj\u00f8r vi noe aktivt, vi gj\u00f8r noe sammen og vi gj\u00f8r noe meningsfylt. Ved \u00e5 delta p\u00e5 v\u00e5re g\u00e5rds aktiviteter gj\u00f8r vi nettopp det og sammen p\u00e5 den enkelte g\u00e5rden oppleves mestring, utvikling, l\u00e6ring og \u00f8kt selvutvikling. Les og l\u00e6r mer om <a href=\"https:\/\/iptt.no\/abc\/\">ABC modellen<\/a> her.<\/p>\n\t\t\t<a href=\"https:\/\/iptt.no\/garder\/\" target=\"_self\">\n\t\t\t\t\t\t\tBli kjent med g\u00e5rdene v\u00e5re\n\t\t\t<\/a>\n\t\t\t<a href=\"https:\/\/iptt.no\/innland\/om-oss\/\" target=\"_self\">\n\t\t\t\t\t\t\tLes mer om oss\n\t\t\t<\/a>\n<h2>\n\t\t\tV\u00e5rt tjenestetilbud\t<\/h2>\n\t<p>V\u00e5rt aktivitetstilbud som tilbys p\u00e5 v\u00e5re g\u00e5rder er <a href=\"https:\/\/iptt.no\/tjeneste\/skole-og-oppvekst\/\">skole og oppvekst<\/a>, <a href=\"https:\/\/iptt.no\/tjeneste\/barn-og-familie\/\">barn og familie<\/a>, <a href=\"https:\/\/iptt.no\/tjeneste\/demensomsorg\/\">demensomsorg<\/a>, samt <a href=\"https:\/\/iptt.no\/tjeneste\/psykisk-helse\/\">psykisk helse <\/a>, herunder ogs\u00e5 arbeidstrening og spr\u00e5kpraksis. I tillegg har vi dagtilbud for eldre.<\/p>\n<p>P\u00e5 v\u00e5re g\u00e5rder skreddersyr vi tilbudet til hver enkelt bes\u00f8kende. Akkurat hvilke tjenester som tilbys varierer fra g\u00e5rd til g\u00e5rd men samlet i inn p\u00e5 tunet Tr\u00f8ndelag har vi et tilbud for alle.<\/p>\n\t\t\t<a href=\"https:\/\/iptt.no\/innland\/tjenester\/\" target=\"_self\">\n\t\t\t\t\t\t\tLes om v\u00e5re tilbud\n\t\t\t<\/a>\n\t\t\t\t<img decoding=\"async\" src=\"https:\/\/iptt.no\/wp-content\/uploads\/2024\/01\/geiter-scaled-1.jpg\" alt=\"Geiter-scaled\" itemprop=\"image\" height=\"1500\" width=\"2000\" title=\"Geiter-scaled\" onerror=\"this.style.display='none'\" loading=\"lazy\" \/>\n<h2>\n\t\t\tBli med som Inn p\u00e5 tunet g\u00e5rd\t<\/h2>\n\t<p>Velkommen til \u00e5 ta kontakt med oss om du vurderer Inn p\u00e5 tunet tjenester p\u00e5 din egen g\u00e5rd. Du f\u00e5r et uforpliktende bes\u00f8k og veiledning av oss. Vi \u00f8nsker b\u00e5de sm\u00e5 og store g\u00e5rder velkommen til \u00e5 s\u00f8ke.<\/p>\n\t\t\t<a href=\"https:\/\/iptt.no\/innland\/bli-med\/\" target=\"_self\">\n\t\t\t\t\t\t\tBli med\n\t\t\t<\/a>\n\t\t\t<a href=\"https:\/\/iptt.no\/innland\/kontakt\/\" target=\"_self\">\n\t\t\t\t\t\t\tKontakt oss\n\t\t\t<\/a>\n\t\t\t\t<img decoding=\"async\" src=\"https:\/\/iptt.no\/wp-content\/uploads\/2024\/02\/ipt2.png\" alt=\"ipt2\" itemprop=\"image\" height=\"355\" width=\"626\" title=\"ipt2\" onerror=\"this.style.display='none'\" loading=\"lazy\" \/>\n\n","protected":false},"excerpt":{"rendered":"<p>P\u00e5 v\u00e5re g\u00e5rdstun dyrkes motivasjon og mestring, Kreativitet og omsorg, trivsel og fellesskap Vi er Tr\u00f8ndelags st\u00f8rste tilbyder av Inn p\u00e5 tunet tjenester &#8211; n\u00e5 ogs\u00e5 med avdeling p\u00e5 Innlandet. V\u00e5re tjenester er knyttet opp mot ABC- for god psykisk helse og blir spesialtilpasset den enkelte. P\u00e5 v\u00e5re g\u00e5rdstun f\u00e5r du en trygg arena for&hellip;<\/p>\n","protected":false},"author":7,"featured_media":0,"parent":0,"menu_order":2,"comment_status":"closed","ping_status":"closed","template":"","meta":{"_acf_changed":false,"_analytify_skip_tracking":false,"footnotes":""},"class_list":["post-6031","page","type-page","status-publish","hentry"],"acf":[],"yoast_head":"<!-- This site is optimized with the Yoast SEO plugin v27.2 - https:\/\/yoast.com\/product\/yoast-seo-wordpress\/ -->\n<title>Inn p\u00e5 tunet - Forside - Inn P\u00e5 Tunet Tr\u00f8ndelag<\/title>\n<meta name=\"description\" content=\"g\u00e5rden dyr hest inn p\u00e5 tunet Tr\u00f8ndelag ku gris h\u00f8ner demensomsorg demens barn unge bufdir avlastning sommerferie lokal g\u00e5rd ridning\" \/>\n<meta name=\"robots\" content=\"index, follow, max-snippet:-1, max-image-preview:large, max-video-preview:-1\" \/>\n<link rel=\"canonical\" href=\"https:\/\/iptt.no\/innland\/\" \/>\n<meta property=\"og:locale\" content=\"en_US\" \/>\n<meta property=\"og:type\" content=\"article\" \/>\n<meta property=\"og:title\" content=\"Inn p\u00e5 tunet - Forside - Inn P\u00e5 Tunet Tr\u00f8ndelag\" \/>\n<meta property=\"og:description\" content=\"g\u00e5rden dyr hest inn p\u00e5 tunet Tr\u00f8ndelag ku gris h\u00f8ner demensomsorg demens barn unge bufdir avlastning sommerferie lokal g\u00e5rd ridning\" \/>\n<meta property=\"og:url\" content=\"https:\/\/iptt.no\/innland\/\" \/>\n<meta property=\"og:site_name\" content=\"Inn P\u00e5 Tunet Tr\u00f8ndelag\" \/>\n<meta property=\"article:modified_time\" content=\"2025-12-12T07:54:57+00:00\" \/>\n<meta property=\"og:image\" content=\"https:\/\/iptt.no\/wp-content\/uploads\/2024\/04\/nordsolem_eli_olise_geiter.jpg\" \/>\n<meta name=\"twitter:card\" content=\"summary_large_image\" \/>\n<meta name=\"twitter:label1\" content=\"Est. reading time\" \/>\n\t<meta name=\"twitter:data1\" content=\"2 minutes\" \/>\n<script type=\"application\/ld+json\" class=\"yoast-schema-graph\">{\"@context\":\"https:\/\/schema.org\",\"@graph\":[{\"@type\":\"WebPage\",\"@id\":\"https:\/\/iptt.no\/innland\/\",\"url\":\"https:\/\/iptt.no\/innland\/\",\"name\":\"Inn p\u00e5 tunet - Forside - Inn P\u00e5 Tunet Tr\u00f8ndelag\",\"isPartOf\":{\"@id\":\"https:\/\/iptt.no\/innland\/#website\"},\"primaryImageOfPage\":{\"@id\":\"https:\/\/iptt.no\/innland\/#primaryimage\"},\"image\":{\"@id\":\"https:\/\/iptt.no\/innland\/#primaryimage\"},\"thumbnailUrl\":\"https:\/\/iptt.no\/wp-content\/uploads\/2024\/04\/nordsolem_eli_olise_geiter.jpg\",\"datePublished\":\"2020-05-08T12:04:56+00:00\",\"dateModified\":\"2025-12-12T07:54:57+00:00\",\"description\":\"g\u00e5rden dyr hest inn p\u00e5 tunet Tr\u00f8ndelag ku gris h\u00f8ner demensomsorg demens barn unge bufdir avlastning sommerferie lokal g\u00e5rd ridning\",\"breadcrumb\":{\"@id\":\"https:\/\/iptt.no\/innland\/#breadcrumb\"},\"inLanguage\":\"nb-NO-1\",\"potentialAction\":[{\"@type\":\"ReadAction\",\"target\":[\"https:\/\/iptt.no\/innland\/\"]}]},{\"@type\":\"ImageObject\",\"inLanguage\":\"nb-NO-1\",\"@id\":\"https:\/\/iptt.no\/innland\/#primaryimage\",\"url\":\"https:\/\/iptt.no\/wp-content\/uploads\/2024\/04\/nordsolem_eli_olise_geiter.jpg\",\"contentUrl\":\"https:\/\/iptt.no\/wp-content\/uploads\/2024\/04\/nordsolem_eli_olise_geiter.jpg\"},{\"@type\":\"BreadcrumbList\",\"@id\":\"https:\/\/iptt.no\/innland\/#breadcrumb\",\"itemListElement\":[{\"@type\":\"ListItem\",\"position\":1,\"name\":\"Hjem\",\"item\":\"https:\/\/iptt.no\/innland\/\"},{\"@type\":\"ListItem\",\"position\":2,\"name\":\"Inn p\u00e5 tunet &#8211; Forside\"}]},{\"@type\":\"WebSite\",\"@id\":\"https:\/\/iptt.no\/innland\/#website\",\"url\":\"https:\/\/iptt.no\/innland\/\",\"name\":\"Inn P\u00e5 Tunet Tr\u00f8ndelag\",\"description\":\"Din samarbeidspartner i Tr\u00f8ndelag\",\"publisher\":{\"@id\":\"https:\/\/iptt.no\/innland\/#organization\"},\"potentialAction\":[{\"@type\":\"SearchAction\",\"target\":{\"@type\":\"EntryPoint\",\"urlTemplate\":\"https:\/\/iptt.no\/innland\/?s={search_term_string}\"},\"query-input\":{\"@type\":\"PropertyValueSpecification\",\"valueRequired\":true,\"valueName\":\"search_term_string\"}}],\"inLanguage\":\"nb-NO-1\"},{\"@type\":\"Organization\",\"@id\":\"https:\/\/iptt.no\/innland\/#organization\",\"name\":\"Inn P\u00e5 Tunet Tr\u00f8ndelag\",\"url\":\"https:\/\/iptt.no\/innland\/\",\"logo\":{\"@type\":\"ImageObject\",\"inLanguage\":\"nb-NO-1\",\"@id\":\"https:\/\/iptt.no\/innland\/#\/schema\/logo\/image\/\",\"url\":\"https:\/\/iptt.no\/wp-content\/uploads\/2024\/04\/inn-pa-tunet_smaannonser4-002.jpg\",\"contentUrl\":\"https:\/\/iptt.no\/wp-content\/uploads\/2024\/04\/inn-pa-tunet_smaannonser4-002.jpg\",\"width\":413,\"height\":413,\"caption\":\"Inn P\u00e5 Tunet Tr\u00f8ndelag\"},\"image\":{\"@id\":\"https:\/\/iptt.no\/innland\/#\/schema\/logo\/image\/\"}}]}<\/script>\n<!-- \/ Yoast SEO plugin. -->","yoast_head_json":{"title":"Inn p\u00e5 tunet - Forside - Inn P\u00e5 Tunet Tr\u00f8ndelag","description":"g\u00e5rden dyr hest inn p\u00e5 tunet Tr\u00f8ndelag ku gris h\u00f8ner demensomsorg demens barn unge bufdir avlastning sommerferie lokal g\u00e5rd ridning","robots":{"index":"index","follow":"follow","max-snippet":"max-snippet:-1","max-image-preview":"max-image-preview:large","max-video-preview":"max-video-preview:-1"},"canonical":"https:\/\/iptt.no\/innland\/","og_locale":"en_US","og_type":"article","og_title":"Inn p\u00e5 tunet - Forside - Inn P\u00e5 Tunet Tr\u00f8ndelag","og_description":"g\u00e5rden dyr hest inn p\u00e5 tunet Tr\u00f8ndelag ku gris h\u00f8ner demensomsorg demens barn unge bufdir avlastning sommerferie lokal g\u00e5rd ridning","og_url":"https:\/\/iptt.no\/innland\/","og_site_name":"Inn P\u00e5 Tunet Tr\u00f8ndelag","article_modified_time":"2025-12-12T07:54:57+00:00","og_image":[{"url":"https:\/\/iptt.no\/wp-content\/uploads\/2024\/04\/nordsolem_eli_olise_geiter.jpg","type":"","width":"","height":""}],"twitter_card":"summary_large_image","twitter_misc":{"Est. reading time":"2 minutes"},"schema":{"@context":"https:\/\/schema.org","@graph":[{"@type":"WebPage","@id":"https:\/\/iptt.no\/innland\/","url":"https:\/\/iptt.no\/innland\/","name":"Inn p\u00e5 tunet - Forside - Inn P\u00e5 Tunet Tr\u00f8ndelag","isPartOf":{"@id":"https:\/\/iptt.no\/innland\/#website"},"primaryImageOfPage":{"@id":"https:\/\/iptt.no\/innland\/#primaryimage"},"image":{"@id":"https:\/\/iptt.no\/innland\/#primaryimage"},"thumbnailUrl":"https:\/\/iptt.no\/wp-content\/uploads\/2024\/04\/nordsolem_eli_olise_geiter.jpg","datePublished":"2020-05-08T12:04:56+00:00","dateModified":"2025-12-12T07:54:57+00:00","description":"g\u00e5rden dyr hest inn p\u00e5 tunet Tr\u00f8ndelag ku gris h\u00f8ner demensomsorg demens barn unge bufdir avlastning sommerferie lokal g\u00e5rd ridning","breadcrumb":{"@id":"https:\/\/iptt.no\/innland\/#breadcrumb"},"inLanguage":"nb-NO-1","potentialAction":[{"@type":"ReadAction","target":["https:\/\/iptt.no\/innland\/"]}]},{"@type":"ImageObject","inLanguage":"nb-NO-1","@id":"https:\/\/iptt.no\/innland\/#primaryimage","url":"https:\/\/iptt.no\/wp-content\/uploads\/2024\/04\/nordsolem_eli_olise_geiter.jpg","contentUrl":"https:\/\/iptt.no\/wp-content\/uploads\/2024\/04\/nordsolem_eli_olise_geiter.jpg"},{"@type":"BreadcrumbList","@id":"https:\/\/iptt.no\/innland\/#breadcrumb","itemListElement":[{"@type":"ListItem","position":1,"name":"Hjem","item":"https:\/\/iptt.no\/innland\/"},{"@type":"ListItem","position":2,"name":"Inn p\u00e5 tunet &#8211; Forside"}]},{"@type":"WebSite","@id":"https:\/\/iptt.no\/innland\/#website","url":"https:\/\/iptt.no\/innland\/","name":"Inn P\u00e5 Tunet Tr\u00f8ndelag","description":"Din samarbeidspartner i Tr\u00f8ndelag","publisher":{"@id":"https:\/\/iptt.no\/innland\/#organization"},"potentialAction":[{"@type":"SearchAction","target":{"@type":"EntryPoint","urlTemplate":"https:\/\/iptt.no\/innland\/?s={search_term_string}"},"query-input":{"@type":"PropertyValueSpecification","valueRequired":true,"valueName":"search_term_string"}}],"inLanguage":"nb-NO-1"},{"@type":"Organization","@id":"https:\/\/iptt.no\/innland\/#organization","name":"Inn P\u00e5 Tunet Tr\u00f8ndelag","url":"https:\/\/iptt.no\/innland\/","logo":{"@type":"ImageObject","inLanguage":"nb-NO-1","@id":"https:\/\/iptt.no\/innland\/#\/schema\/logo\/image\/","url":"https:\/\/iptt.no\/wp-content\/uploads\/2024\/04\/inn-pa-tunet_smaannonser4-002.jpg","contentUrl":"https:\/\/iptt.no\/wp-content\/uploads\/2024\/04\/inn-pa-tunet_smaannonser4-002.jpg","width":413,"height":413,"caption":"Inn P\u00e5 Tunet Tr\u00f8ndelag"},"image":{"@id":"https:\/\/iptt.no\/innland\/#\/schema\/logo\/image\/"}}]}},"_links":{"self":[{"href":"https:\/\/iptt.no\/innland\/wp-json\/wp\/v2\/pages\/6031","targetHints":{"allow":["GET"]}}],"collection":[{"href":"https:\/\/iptt.no\/innland\/wp-json\/wp\/v2\/pages"}],"about":[{"href":"https:\/\/iptt.no\/innland\/wp-json\/wp\/v2\/types\/page"}],"author":[{"embeddable":true,"href":"https:\/\/iptt.no\/innland\/wp-json\/wp\/v2\/users\/7"}],"replies":[{"embeddable":true,"href":"https:\/\/iptt.no\/innland\/wp-json\/wp\/v2\/comments?post=6031"}],"version-history":[{"count":0,"href":"https:\/\/iptt.no\/innland\/wp-json\/wp\/v2\/pages\/6031\/revisions"}],"wp:attachment":[{"href":"https:\/\/iptt.no\/innland\/wp-json\/wp\/v2\/media?parent=6031"}],"curies":[{"name":"wp","href":"https:\/\/api.w.org\/{rel}","templated":true}]}}